{"id":15,"date":"2026-01-25T11:33:12","date_gmt":"2026-01-25T11:33:12","guid":{"rendered":"https:\/\/mvmry.fi\/?page_id=15"},"modified":"2026-02-01T21:08:23","modified_gmt":"2026-02-01T21:08:23","slug":"tietoja","status":"publish","type":"page","link":"https:\/\/mvmry.fi\/index.php\/tietoja\/","title":{"rendered":"Maahanmuuttajille"},"content":{"rendered":"\n<p><strong>Mist\u00e4 on kyse?<\/strong> <\/p>\n\n\n\n<p>Yhdistyksemme on perustettu vuonna 2025 tukemaan maahanmuuttajia, jotka asuvat Suomessa ja haluavat ymm\u00e4rt\u00e4\u00e4 paremmin, miten t\u00e4\u00e4ll\u00e4 toimitaan kriisi- ja poikkeustilanteissa.<\/p>\n\n\n\n<p>Suomessa varautuminen on osa arkea. Monille t\u00e4\u00e4ll\u00e4 syntyneille ihmisille on selv\u00e4\u00e4, mit\u00e4 tehd\u00e4 esimerkiksi s\u00e4hk\u00f6katkon, suuronnettomuuden, kriisin tai sodan aikana. Maahanmuuttajille n\u00e4m\u00e4 toimintamallit eiv\u00e4t kuitenkaan ole aina tuttuja \u2013 eik\u00e4 niiden tunteminen ole itsest\u00e4\u00e4nselvyys.<\/p>\n\n\n\n<p><strong>Meid\u00e4n teht\u00e4v\u00e4mme on auttaa t\u00e4ss\u00e4.<\/strong><\/p>\n\n\n\n<p>Yhdistys on tarkoitettu niille maahanmuuttajille, <strong>jotka kokevat Suomen kotimaakseen tai toiseksi kotimaakseen<\/strong>, <strong>ovat lojaaleja maalle, jossa asuvat, ja v\u00e4litt\u00e4v\u00e4t sen turvallisuudesta. <\/strong>Haluamme tukea ihmisi\u00e4, jotka haluavat kantaa vastuuta ja olla aktiivinen osa suomalaista yhteiskuntaa.<\/p>\n\n\n\n<p>Haluamme lis\u00e4t\u00e4 maahanmuuttajien tietoa Suomen turvallisuusj\u00e4rjestelm\u00e4st\u00e4, v\u00e4est\u00f6nsuojelusta ja siit\u00e4, miten jokainen voi omalla toiminnallaan huolehtia itsest\u00e4\u00e4n, perheest\u00e4\u00e4n ja l\u00e4hiymp\u00e4rist\u00f6st\u00e4\u00e4n. Kerromme selke\u00e4sti ja ymm\u00e4rrett\u00e4v\u00e4sti, miten Suomessa varaudutaan ja mist\u00e4 saa luotettavaa tietoa.<\/p>\n\n\n\n<p>Kannustamme my\u00f6s maahanmuuttajataustaisia Suomen kansalaisia osallistumaan <strong>Maanpuolustuskoulutusyhdistyksen (MPK)<\/strong> koulutuksiin. MPK tarjoaa k\u00e4yt\u00e4nn\u00f6nl\u00e4heist\u00e4 koulutusta esimerkiksi ensiapuun, kriisivalmiuteen, turvallisuuteen ja yhteiskunnan toimintaan liittyen. Koulutukset ovat vapaaehtoisia ja avoimia kaikille soveltuville.<\/p>\n\n\n\n<p><strong>Yhdistyksen toiminnan tavoitteena on vahvistaa:<\/strong><\/p>\n\n\n\n<ul class=\"wp-block-list\">\n<li>arjen turvallisuutta<\/li>\n\n\n\n<li>kriisivalmiutta<\/li>\n\n\n\n<li>luottamusta suomalaiseen yhteiskuntaan<\/li>\n\n\n\n<li>mahdollisuuksia osallistua ja vaikuttaa<\/li>\n<\/ul>\n\n\n\n<p><strong>Samalla tuemme kotoutumista: <\/strong>kun ymm\u00e4rr\u00e4t, miten yhteiskunta toimii ja miten voit olla aktiivinen osa sit\u00e4, olo Suomessa vahvistuu ja tulevaisuus tuntuu turvallisemmalta.<\/p>\n\n\n\n<p>Toimimme valtakunnallisesti koko Suomessa ja teemme yhteisty\u00f6t\u00e4 viranomaisten, asiantuntijoiden ja muiden turvallisuustoimijoiden kanssa.<\/p>\n\n\n\n<p><strong>Mit\u00e4 sin\u00e4 saat<\/strong><\/p>\n\n\n\n<p>Yhdistykseen liittym\u00e4ll\u00e4 p\u00e4\u00e4set verkostoitumaan ihmisten kanssa, jotka v\u00e4litt\u00e4v\u00e4t Suomen turvallisuudesta ja jakavat samat arvot: lojaalisuuden, vastuunkannon ja halun auttaa. Saat ajankohtaista ja luotettavaa tietoa kriisivalmiudesta \u2013 siit\u00e4, miten toimit eri tilanteissa ja miten voit auttaa muita h\u00e4d\u00e4n hetkell\u00e4.<\/p>\n\n\n\n<p>P\u00e4\u00e4set osallistumaan yhdistyksen j\u00e4rjest\u00e4miin koulutuksiin ja tilaisuuksiin sek\u00e4 saat tietoa MPK:n jatkokoulutuksista ja vapaaehtoisesta maanpuolustuksesta. Osallistumalla olet osa kokonaisturvallisuutta ja luotettava osa suomalaista yhteiskuntaa.<\/p>\n\n\n\n<p><strong>Mit\u00e4 odotamme sinulta<\/strong><\/p>\n\n\n\n<p>J\u00e4senilt\u00e4 odotamme valmiutta toimia vapaaehtoisesti ja auttaa muita apua tarvitsevia.<br>Toivomme aktiivisuutta ja sitoutumista Suomen turvallisuuden edist\u00e4miseen.<\/p>\n\n\n\n<p>Yhdistykseen voi liitty\u00e4 t\u00e4ytt\u00e4m\u00e4ll\u00e4 j\u00e4senhakemuksen \u2013 sen j\u00e4lkeen saat lis\u00e4tietoa j\u00e4senyydest\u00e4 ja toiminnastamme.<\/p>\n\n\n\n<p>Jos haluat lis\u00e4tietoa ennen hakemuksen t\u00e4ytt\u00e4mist\u00e4, voit olla meihin yhteydess\u00e4 s\u00e4hk\u00f6postitse <strong>toimisto@mvmry.fi<\/strong> tai somekanaviemme kautta.<\/p>\n\n\n\n<p><strong>Ole aktiivinen osa t\u00e4t\u00e4 yhteiskuntaa \u2013 liity meihin!<\/strong><br>Yhdess\u00e4 pid\u00e4mme huolta meid\u00e4n kaikkien turvallisuudesta.<\/p>\n\n\n\n<div class=\"wp-block-buttons is-layout-flex wp-block-buttons-is-layout-flex\">\n<div class=\"wp-block-button\"><a class=\"wp-block-button__link wp-element-button\" href=\"https:\/\/maanpuolustusrekisteri.fi\/verkkolomakkeet\/Jasenhakemus\/LiitonYhdistys?organisaatio=15424683\"><strong>Liity j\u00e4seneksi<\/strong><\/a><\/div>\n<\/div>\n\n\n\n<p>Ohjeet hakemuksen t\u00e4ytt\u00e4miseen l\u00f6ytyv\u00e4t<strong> <a href=\"https:\/\/mvmry.fi\/wp-content\/uploads\/2026\/02\/MVM-ohjeet.pdf\">t\u00e4st\u00e4. <\/a><\/strong><\/p>\n\n\n\n<p><\/p>\n","protected":false},"excerpt":{"rendered":"<p>Mist\u00e4 on kyse? Yhdistyksemme on perustettu vuonna 2025 tukemaan maahanmuuttajia, jotka asuvat Suomessa ja haluavat ymm\u00e4rt\u00e4\u00e4 paremmin, miten t\u00e4\u00e4ll\u00e4 toimitaan kriisi- ja poikkeustilanteissa. Suomessa varautuminen on osa arkea. Monille t\u00e4\u00e4ll\u00e4 syntyneille ihmisille on selv\u00e4\u00e4, mit\u00e4 tehd\u00e4 esimerkiksi s\u00e4hk\u00f6katkon, suuronnettomuuden, kriisin tai sodan aikana. Maahanmuuttajille n\u00e4m\u00e4 toimintamallit eiv\u00e4t kuitenkaan ole aina tuttuja \u2013 eik\u00e4 niiden tunteminen &hellip; <\/p>\n<p class=\"link-more\"><a href=\"https:\/\/mvmry.fi\/index.php\/tietoja\/\" class=\"more-link\">Jatka lukemista<span class=\"screen-reader-text\"> &#8221;Maahanmuuttajille&#8221;<\/span><\/a><\/p>\n","protected":false},"author":1,"featured_media":0,"parent":0,"menu_order":0,"comment_status":"closed","ping_status":"closed","template":"","meta":{"footnotes":""},"class_list":["post-15","page","type-page","status-publish","hentry"],"_links":{"self":[{"href":"https:\/\/mvmry.fi\/index.php\/wp-json\/wp\/v2\/pages\/15","targetHints":{"allow":["GET"]}}],"collection":[{"href":"https:\/\/mvmry.fi\/index.php\/wp-json\/wp\/v2\/pages"}],"about":[{"href":"https:\/\/mvmry.fi\/index.php\/wp-json\/wp\/v2\/types\/page"}],"author":[{"embeddable":true,"href":"https:\/\/mvmry.fi\/index.php\/wp-json\/wp\/v2\/users\/1"}],"replies":[{"embeddable":true,"href":"https:\/\/mvmry.fi\/index.php\/wp-json\/wp\/v2\/comments?post=15"}],"version-history":[{"count":11,"href":"https:\/\/mvmry.fi\/index.php\/wp-json\/wp\/v2\/pages\/15\/revisions"}],"predecessor-version":[{"id":120,"href":"https:\/\/mvmry.fi\/index.php\/wp-json\/wp\/v2\/pages\/15\/revisions\/120"}],"wp:attachment":[{"href":"https:\/\/mvmry.fi\/index.php\/wp-json\/wp\/v2\/media?parent=15"}],"curies":[{"name":"wp","href":"https:\/\/api.w.org\/{rel}","templated":true}]}}